{"id":336,"date":"2012-09-10T08:51:37","date_gmt":"2012-09-10T06:51:37","guid":{"rendered":"http:\/\/foto.arch.pk.edu.pl\/?page_id=336"},"modified":"2017-04-18T09:30:42","modified_gmt":"2017-04-18T07:30:42","slug":"piotr-kotucha","status":"publish","type":"page","link":"https:\/\/foto.pk.edu.pl\/index.php\/wykladowcy\/piotr-kotucha\/","title":{"rendered":"Piotr Kotucha"},"content":{"rendered":"<p>Absolwent Wydzia\u0142u Architektury Politechniki Krakowskiej. Adiunkt w Instytucie Historii Architektury i Konserwacji Zabytk\u00f3w WAPK. Wieloletni wyk\u0142adowca przedmiotu Fotografia, opiekun studenckiego ko\u0142a fotografii oraz kierownik laboratorium fotograficznego WA. Za\u0142o\u017cyciel oraz pierwszy kierownik Studium Fotografi PK.<br \/>\nAutor licznych prac fotograficznych:<\/p>\n<ul>\n<li> zbi\u00f3r fotografii polskich obiekt\u00f3w i zespo\u0142\u00f3w zabytkowych wykonany w celach dydaktycznych,<\/li>\n<li> zbi\u00f3r fotografii kapliczek i krzy\u017cy przydro\u017cnych (w ramach zbioru materia\u0142\u00f3w do ksi\u0105\u017cki \u201eOpowie\u015bci o polskich kapliczkach\u201d prof. W. Zina),<\/li>\n<li> zbi\u00f3r fotografi zabytkowych nagrobk\u00f3w, latar\u0144 cmentarnych, bram, kaplic itp. w ramach prac prof. W. Zina),<\/li>\n<li> zbi\u00f3r fotografii zabytkowych ko\u015bcio\u0142\u00f3w i cerkwi drewnianych, w ramach mi\u0119dzynarodowego programu badawczego (indywidualna wystawa fotograficzna w Galerii A1),<\/li>\n<li> zbi\u00f3r fotografii dokumentalnej ukazuj\u0105cej tw\u00f3rczo\u015b\u0107 Adolfa Szyszko-Bochusza, (indywidualna wystawa fotograficzna w Galerii PK \u201eGil\u201d, <\/li>\n<li> fotografie do wydawnictwa albumowego:  &#8222;Wadowice, miasto Jana Paw\u0142a II&#8221;, <\/li>\n<li> fotografie do czasopism architektonicznych, katalog\u00f3w i wystaw po\u015bwi\u0119conych projektom konserwatorskim i architektonicznym (Architektura, Art &#038; Biznes, katalog konkursu \u201eDom Energooszcz\u0119dny\u201d i katalog \u201eKrak\u00f3w \u2013 Florencja\u201d),<\/li>\n<li> fotografie do publikacji A. Kad\u0142uczki \u201eSukiennice w Krakowie, restauracja i modernizacja\u201d oraz \u201ePodziemne muzeum Rynku Krakowskiego\u201d.<\/li>\n<\/ul>\n","protected":false},"excerpt":{"rendered":"<p>Absolwent Wydzia\u0142u Architektury Politechniki Krakowskiej. Adiunkt w Instytucie Historii Architektury i Konserwacji Zabytk\u00f3w WAPK. Wieloletni wyk\u0142adowca przedmiotu Fotografia, opiekun studenckiego ko\u0142a fotografii oraz kierownik laboratorium fotograficznego WA. Za\u0142o\u017cyciel oraz pierwszy kierownik Studium Fotografi PK. Autor licznych prac fotograficznych: zbi\u00f3r fotografii polskich obiekt\u00f3w i zespo\u0142\u00f3w zabytkowych wykonany w celach dydaktycznych, zbi\u00f3r fotografii kapliczek i krzy\u017cy przydro\u017cnych &hellip; <a href=\"https:\/\/foto.pk.edu.pl\/index.php\/wykladowcy\/piotr-kotucha\/\">Continue reading <span class=\"meta-nav\">&rarr;<\/span><\/a><\/p>\n","protected":false},"author":1,"featured_media":0,"parent":18,"menu_order":0,"comment_status":"closed","ping_status":"closed","template":"template-full-width.php","meta":{"ngg_post_thumbnail":0,"footnotes":""},"_links":{"self":[{"href":"https:\/\/foto.pk.edu.pl\/index.php\/wp-json\/wp\/v2\/pages\/336"}],"collection":[{"href":"https:\/\/foto.pk.edu.pl\/index.php\/wp-json\/wp\/v2\/pages"}],"about":[{"href":"https:\/\/foto.pk.edu.pl\/index.php\/wp-json\/wp\/v2\/types\/page"}],"author":[{"embeddable":true,"href":"https:\/\/foto.pk.edu.pl\/index.php\/wp-json\/wp\/v2\/users\/1"}],"replies":[{"embeddable":true,"href":"https:\/\/foto.pk.edu.pl\/index.php\/wp-json\/wp\/v2\/comments?post=336"}],"version-history":[{"count":1,"href":"https:\/\/foto.pk.edu.pl\/index.php\/wp-json\/wp\/v2\/pages\/336\/revisions"}],"predecessor-version":[{"id":926,"href":"https:\/\/foto.pk.edu.pl\/index.php\/wp-json\/wp\/v2\/pages\/336\/revisions\/926"}],"up":[{"embeddable":true,"href":"https:\/\/foto.pk.edu.pl\/index.php\/wp-json\/wp\/v2\/pages\/18"}],"wp:attachment":[{"href":"https:\/\/foto.pk.edu.pl\/index.php\/wp-json\/wp\/v2\/media?parent=336"}],"curies":[{"name":"wp","href":"https:\/\/api.w.org\/{rel}","templated":true}]}}